 -4*c - y. Suppose -i - 24 = -v + 96, 205 = c*v + 5*i. Is v a prime number?
False
Let j(g) = 30 + 71*g + 32 + 10*g. Is j(11) composite?
False
Let p(v) = 3465*v - 8. Is p(5) composite?
False
Suppose -2*o - 27 = 3*q, 5*q + 10 = -5*o - 30. Let c = q + 11. Suppose s + 2*n - 317 = -2*s, -s + 2*n + 119 = c. Is s composite?
False
Let f = -5 - -309. Suppose 2*d - 78 - f = 0. Is d composite?
False
Suppose 2227 = s - 4*c, 3*c = 5*s + 2380 - 13464. Suppose 5*r - s = t, 2*r = -2*r - 4*t + 1772. Is r composite?
False
Let o(w) = -w**3 + w**2 + w + 1. Suppose -z - 17 = 5*d - 3*z, -d = 3*z + 17. Let v(y) = 159*y**3 + 5*y**2 + 4*y + 5. Let s(m) = d*o(m) + v(m). Is s(1) prime?
True
Let b(u) = -u. Let g(x) = -250*x - 3. Let m(r) = 6*b(r) + g(r). Is m(-5) prime?
True
Let f be (79/(-2))/(1/(-2)). Let p = 524 + -222. Suppose p = w + f. Is w a prime number?
True
Suppose 59*o - 204084 = 23*o. Is o a composite number?
False
Suppose -2*x = -3*b - 33134, -x - 4*b + 14437 + 2130 = 0. Is x prime?
True
Let j = -142 - -489. Is j prime?
True
Let m(v) = -87*v - 10. Suppose z = -4 + 1. Is m(z) composite?
False
Suppose 679612 = 64*x - 245380. Is x a prime number?
False
Let v = -70 - -73. Suppose -4*t = v*f - t - 1071, 4*t - 722 = -2*f. Is f composite?
False
Let w(y) = -y**3 + 4*y**2 + 2*y - 9. Let n(l) = -3*l**3 + 8*l**2 + 5*l - 19. Let c(j) = 2*n(j) - 5*w(j). Is c(-6) composite?
False
Suppose 9*s - 4344 = -3*s. Is s prime?
False
Let s(k) = 582*k + 1. Let d be s(-1). Let h(p) = -15*p**3 + 2*p**2 + 5*p + 4. Let t be h(-4). Let w = d + t. Is w a composite number?
True
Suppose 3*x + 132270 = 33*x. Is x a prime number?
True
Is 3809/39*(21 + 0) prime?
False
Let c(y) = 17 - 6*y - 10*y**2 + 7*y + 2*y**2 + 11*y. Let u(d) = 7*d**2 - 11*d - 16. Let f(w) = 5*c(w) + 6*u(w). Is f(8) a composite number?
True
Let x(b) = 877*b - 1143. Is x(62) prime?
True
Suppose -4*z + 11602 - 3390 = 4*y, 3*z = 7*y - 14371. Is y prime?
True
Suppose d + 66 = -5*d. Let x(p) = p**3 + 11*p**2 - 8*p - 9. Is x(d) a prime number?
True
Let i(y) = -y + 8. Let h be i(7). Let c = 3 + h. Suppose -c*t - 4*p + 0*p + 488 = 0, 0 = t + 2*p - 117. Is t a composite number?
False
Is (8126 - -6)/4 + -6 a prime number?
True
Suppose -b - 14*q + 17*q + 19850 = 0, 0 = 4*b + 2*q - 79358. Is b a composite number?
False
Suppose -1447 = 2*a - 7. Let c = 1061 + a. Is c a prime number?
False
Suppose 54 = n + 3*u, n + 2*n + u - 154 = 0. Is n a composite number?
True
Let h = 295 - 79. Let n = -479 + h. Let t = n + 412. Is t prime?
True
Let y(r) = -7*r - 4*r**2 - 8 + 16*r**3 - 8*r**2 - 18*r**3. Is y(-9) prime?
True
Suppose -4*n - 16*n + 171220 = 0. Is n a prime number?
False
Let g(m) = -3069*m - 347. Is g(-5) a composite number?
True
Let l(a) be the first derivative of 20*a**2 + 6*a - 7. Is l(5) composite?
True
Let f(g) = -g**2 + 5*g + 3. Let d be f(5). Let n = -134 + 143. Suppose 0 = d*t - n, 15 = u + 5*t - 13. Is u prime?
True
Let j(v) = -1 + 12 + 7*v**2 + 0*v - 12*v. Is j(-6) composite?
True
Suppose 2*l = -3*l + 2*p + 26, 12 = -4*p. Suppose 0 = -l*j - 1 + 37. Is 3/(-2)*(-1230)/j composite?
True
Let q be (-4 - (-39)/12)*-476. Let z = q - -110. Is z composite?
False
Let j(o) = 12*o**2 - 43*o + 177. Is j(40) prime?
True
Let m be 3/36*9*4. Suppose m*o = 3*v + 21, -2*o + v = 3*v - 2. Let t(g) = 8*g**2 - 8*g - 2. Is t(o) a prime number?
False
Suppose 0 = -3*h + 2*t + 2*t + 184, 0 = -h - 4*t + 40. Is h/(-70) + 6858/10 prime?
False
Let r(i) = 150*i - 11. Is r(3) a composite number?
False
Suppose -2*m + 3 = -m. Suppose 3*n + p + 19 = 3*p, -4*n - 3*p = -m. Is 222/(-10)*(-2 + n) prime?
False
Let s(o) = 4*o**2 + 16*o - 19. Is s(-13) composite?
False
Suppose -2090536 = 32*i - 88*i. Is i a composite number?
True
Let t be (711/27)/((-2)/(-6)). Suppose 4*f = a - t, f = a - 2*f - 77. Is a prime?
True
Let t = -6661 - -12168. Is t a prime number?
True
Let s(i) = -4*i**3 + 6*i + 9. Let c be s(-5). Let v = c + -285. Is v composite?
True
Suppose 55*w - 678266 = 38*w. Is w composite?
True
Let s = -12 - -14. Let b be (681*s)/((-12)/(-42)). Suppose -5*l + b - 422 = 0. Is l a composite number?
True
Suppose 0 = 2*i + 2*i + 4*f - 4092, -3*i + f = -3049. Suppose -5*w + i = -3*w. Is w a composite number?
False
Suppose 4477 = -10*l + 21*l. Is l composite?
True
Let f = 4358 + -2341. Suppose 3*b + 0*w - f = 2*w, 0 = -5*b + 4*w + 3361. Is b a prime number?
True
Let n(w) be the first derivative of 17*w**5/30 + w**4/4 + 3*w**3/2 + w**2 + 8. Let s(l) be the second derivative of n(l). Is s(5) prime?
False
Is ((-4)/9)/(38/(-107901)) composite?
True
Let h(p) = 11 + 59*p**2 + 9*p - 3*p - 9*p**2. Is h(-2) composite?
False
Suppose b - 2*b = -4. Suppose -10 = -b*n + 5*d, 4*n - 16 = d + 2. Suppose -2*l + 46 = 2*l + 5*r, -26 = -4*l + n*r. Is l a prime number?
False
Let i = -10901 + 17392. Is i composite?
False
Suppose 12828 = 5*z - 2*z. Suppose z = 7*j - 3*j - 4*w, 0 = 5*j + 3*w - 5385. Suppose 2*u - 3*u - b = -222, 0 = 5*u - 4*b - j. Is u a prime number?
False
Is (85047/6)/(1/2) a prime number?
True
Let j(o) = 6*o**3 + o**2 - 2*o + 13. Let v(i) = 17*i**3 + 3*i**2 - 5*i + 39. Let g(w) = -11*j(w) + 4*v(w). Is g(6) composite?
True
Let d(j) = j**3 - j**2 - 3*j + 251. Is d(0) a prime number?
True
Suppose 4352 = 5*y + 3*q, 10*y - 5*y = 3*q + 4328. Suppose -y = -5*w + 187. Is w prime?
True
Let b(m) = -9*m**3 + 3*m**2 + 7*m - 5. Suppose -5*z = 4*h + 16, -2*h + z = 2*z + 8. Is b(h) a prime number?
False
Suppose 0 = -18*r + 3*r + 81165. Is r a prime number?
False
Suppose 31*u - 37993 = 33028. Is u a composite number?
True
Let l(x) = -x**3 + 5*x**2. Let g be l(5). Suppose 2*c - 264 = -g*c - 5*t, 4*c + 5*t = 548. Is c a prime number?
False
Is (-190)/40 + 5 - 3915/(-4) a prime number?
False
Suppose -2*v = -7 - 3. Suppose q - 2*r - 560 = r, v*q = -3*r + 2782. Is q composite?
False
Suppose 5*d - 4*n - 31561 = 0, 6*n - 12625 = -2*d + 7*n. Is d composite?
True
Let k(v) = -6593*v - 411. Is k(-10) a prime number?
True
Let z(s) = s**3 - 11*s**2 - 2*s - 10. Let w be z(11). Let m = 32 + w. Suppose m = 3*f + 3*j - 714, -4*j + 0*j - 928 = -4*f. Is f a composite number?
True
Let v = -18 + 1157. Is v prime?
False
Let i = 10343 + 2906. Is i a composite number?
False
Let t(s) = -409*s**3 + 2*s**2 - 2*s. Let m(q) = -q**3 + q**2 + q - 1. Let p(v) = -m(v) - t(v). Is p(1) a prime number?
True
Suppose -62*f + 2561818 = -824188. Is f prime?
False
Suppose 2*a = 54 - 270. Let z = 155 + a. Is z a prime number?
True
Let a(q) = -18*q**2 - 8. Let c(g) = 17*g**2 + g + 7. Let s(n) = 2*a(n) + 3*c(n). Suppose 4 = 2*l - l. Is s(l) prime?
True
Let v(z) = 208*z**2 + 8*z + 5. Is v(3) a prime number?
True
Is ((-3)/(-9))/(4/58152) a prime number?
False
Suppose -657979 - 135198 = -11*h. Is h a composite number?
True
Let o = 530 - -454. Suppose -4*q + o = 5*f, -q - 3*q = -2*f - 1012. Is q prime?
True
Let l(t) = t + 4. Let w be l(-4). Let h(j) = -355*j + 356*j + 303 + 3*j**2 - 4*j**2. Is h(w) a composite number?
True
Let x(l) = 73*l**2 - l - 37. Is x(-5) composite?
True
Let l be 0 + 3 - 6 - 36/6. Is (l - 2)/(695/(-115) + 6) composite?
True
Let v(d) = 999*d**2 - 2*d - 3. Let b(w) = -w + 8. Let q be b(9). Is v(q) a prime number?
False
Suppose -v + 11751 = -80158. Is v a composite number?
False
Suppose 0 = 8*s - 4*s - 8. Let q(l) = 37*l**s - 2 - 7 + 8 + 13*l. Is q(6) a composite number?
False
Let t(d) = 4*d**2 - d**2 - 6 - d + 1. Let x = -31 - -35. Is t(x) a composite number?
True
Suppose 2*x - 13280 = l - 3*l, -4*l = x - 6649. Is x prime?
True
Suppose 5*q + 45 = 14*q. Suppose 4*a - 5*i = 1344, 0 = -a - q*i + 10*i + 351. Is a a prime number?
True
Let b = -3 + 16. Let t = b - 6. Is 1045/t - (-38)/(-133) composite?
False
Let w(q) = 2*q**2 - 12*q - 13. Let v(r) = -4*r - 1. Let p be v(-3). Is w(p) a prime number?
True
Suppose -2*g + 0*g - 18 = 0. Let w(d) = -d**3 + 4*d**2 - 12*d - 10. Is w(g) a composite number?
False
Suppose -2*b - 4*y + 14126 = 0, -5*y - 3886 = 4*b - 32138. Is b prime?
False
Let w(z) = 5 - z**2 + 20*z + 4 - 4. Let i be w(10). Let t = 172 - i. Is t a prime number?
True
Let o = -27968 - -44430. Is o prime?
False
Let u(i) = 112*i + 9. Let j(w) = 75*w + 6. Let a(x) = 8*j(x) - 5*u(x). Is a(4) composite?
False
Let y be 1*2/((-4)/(-7))*2. Suppose -y*f = -1126 + 384. Is f prime?
False
Let v(z) = z**3 + 6*z**2 + 7*z + 12. Let o